 p(r) = r**3 + r**2 + 10. Suppose 4*f = 2*a - a - 4, -3*f + 3*a = 12. Let w be p(f). What is the highest common divisor of 20 and w?
10
Let f be (3 - 4)/(1 + 0). Let t be (1 - -1) + 1 + f. Suppose 5 = -t*r + 3*r. What is the greatest common factor of 5 and r?
5
Let g be (-6)/(-9)*9/2. Suppose g*o - 33 = 39. Calculate the greatest common factor of o and 24.
24
Let y = 454 + -254. Suppose -101 + 26 = -3*r. What is the greatest common factor of y and r?
25
Let i(z) = 2*z**2 - 11*z + 24. Let q be i(4). Calculate the highest common divisor of 132 and q.
12
Let f = 99 - 31. Suppose -n + r + 16 = 2*r, -f = -4*n - 5*r. Calculate the highest common factor of 3 and n.
3
Suppose -4*l = -l - 312. Let o be ((-1)/(-2))/(4/l). Calculate the highest common divisor of 65 and o.
13
Let s = -14 - -26. Suppose s = c + c. What is the greatest common factor of c and 54?
6
Suppose 2*n + c - 667 + 155 = 0, 5*c + 267 = n. Let a = n + -360. Let q = a + 155. Calculate the highest common factor of q and 13.
13
Suppose 0 = -4*v + 4. Calculate the greatest common factor of 4 and v.
1
Let h be (-3)/(-6) + 15/2. Calculate the greatest common divisor of h and 56.
8
Let l = -10 - -26. What is the greatest common factor of l and 4?
4
Let f be (3 - 1) + 3*-1. Let x = f - -5. Suppose 0*b - 3*d + 30 = b, x*d + 188 = 5*b. Calculate the greatest common divisor of b and 4.
4
Let w be ((-85)/3)/(-5)*3. Suppose d = 6*d - 935. What is the highest common divisor of w and d?
17
Let c be 39/9 + 2/(-6) - -4. What is the greatest common divisor of 32 and c?
8
Suppose -2*v + 84 = -0*v. Let h(r) = 2*r - 3 + 1 - 4*r**2 + 5*r**2. Let k be h(2). Calculate the highest common divisor of v and k.
6
Let q(k) = -5*k + 1. Let w be q(2). Let l(t) be the first derivative of -2*t**2 - 18. Let n be l(w). Calculate the greatest common factor of 90 and n.
18
Let l = 45 - -27. What is the greatest common factor of l and 108?
36
Let l be 2/4 + 30/20. Suppose 3*m - 4*q = 31, l*m + 4*q - 3*q = 17. Calculate the greatest common factor of m and 63.
9
Let c = 6 - 8. Let m be 1*((12 - c) + 0). Suppose -5*j - 2*v + 142 = 0, -58 = -5*j - 5*v + 87. Calculate the highest common factor of m and j.
14
Suppose -6 = -4*j - 5*r, -4*j - j + 5*r = -30. Suppose -l + 10 = -o, -2*o - j = 2*o. Let q be (168/l)/(2/6). Calculate the greatest common factor of 7 and q.
7
Let n(c) = c + 6. Let k be n(3). Suppose 2*o + 98 = -0*o. Let v = -31 - o. Calculate the highest common factor of v and k.
9
Let n(y) = -y**3 + 8*y**2 + 3*y - 9. Let q be n(8). Calculate the greatest common divisor of 3 and q.
3
Suppose r + 2*r = -w + 24, -3*w = -r + 8. Calculate the greatest common factor of r and 56.
8
Let m = -35 - -83. Let z = -12 + 18. Calculate the greatest common divisor of z and m.
6
Suppose -6*u - 87 = -309. What is the highest common divisor of 37 and u?
37
Let n(j) = -j**2 + 38 + 27 + 2*j**2 - j**3 + j. Let o be n(0). Suppose 5*g = -5*v + 135, 2*g - 56 = -3*v - v. What is the highest common divisor of g and o?
13
Let o be (-14)/5*(-2 + 2/(-4)). Let j(t) = -t**3 + 7*t**2 + 4*t + 3. Let q be j(6). Calculate the highest common factor of q and o.
7
Suppose -3*v = -v + 2*n - 4, -4*v = -5*n - 8. Suppose -3*u = -3*r + 210, -5*r - v*u + 76 + 246 = 0. What is the highest common divisor of 11 and r?
11
Let q(j) = 2*j**3 + 3*j**2 - 5*j - 2. Let w be q(4). Calculate the highest common factor of 22 and w.
22
Suppose -3*m + 4*m = 54. Suppose 3*w - m = -x, -3*x - 23 + 5 = -w. Suppose 5*z = -0*z + 3*g + 75, 25 = 5*g. Calculate the highest common divisor of z and w.
18
Let g(t) = 6*t**2 + 2*t - 1. Let o be g(2). Let i = o - -117. What is the highest common factor of 16 and i?
16
Suppose 6 = 9*s - 6*s. Let j be 0/(-2) + 1 + s. What is the highest common divisor of j and 3?
3
Let t be ((-10)/4)/(1/2). Let g(u) = -u**2 - 5*u + 2. Let c be g(t). Let q(s) = -s + 20. Let l be q(6). Calculate the greatest common divisor of l and c.
2
Suppose -15 = 3*p - 117. Let z(j) = -20*j - 209. Let n be z(-13). Calculate the greatest common factor of n and p.
17
Let a be -1 + (9 - (1 - 1)). Suppose 0*t = 2*t - a. What is the highest common factor of 40 and t?
4
Let t = 317 + -86. Let z = -47 + 68. What is the greatest common factor of t and z?
21
Suppose 5*t - 556 = -r + 251, 0 = -4*t - 2*r + 642. What is the greatest common factor of t and 18?
18
Let b = 9 + -6. Suppose o + 0*p = p + b, 0 = -2*o + 3*p + 3. What is the greatest common divisor of 15 and o?
3
Suppose 0 = 5*g - g + 36. Let x = g - -12. Let y(n) = 6*n**3 + n**2 - n. Let a be y(1). Calculate the greatest common divisor of a and x.
3
Let k be (-9)/(1 - 15/6). Suppose l - k = -2*l. Let d be 1 + 1 + 12 + 0. Calculate the highest common divisor of d and l.
2
Let m = -55 + 81. Suppose -4*h + m = -2*h. What is the highest common divisor of h and 65?
13
Let r = 9 + -3. Calculate the greatest common divisor of r and 48.
6
Let m = 77 - -40. What is the greatest common factor of 13 and m?
13
Suppose 167 = 5*q - 133. Calculate the greatest common factor of 15 and q.
15
Suppose -3*h = -5*k + 13, 16 = -h + 3*k + k. Let b = -2 - -4. What is the highest common divisor of h and b?
2
Suppose 4*z = 2*y + 2*z - 126, -5*y = -z - 315. Let r = 41 + y. Calculate the greatest common factor of 13 and r.
13
Suppose -2*w + 0*w + 3 = -3*j, -5*w - 3*j + 39 = 0. Let y be 2/6 + (-10)/(-6). Calculate the highest common factor of y and w.
2
Let t(o) = 15*o**3 - 4*o**2. Let k be t(3). What is the greatest common divisor of 41 and k?
41
Let t be 1/((-4)/(-5 + 1)). Calculate the greatest common divisor of t and 1.
1
Suppose 5*k = 7*k - 26. Suppose -248 = -h - 4*h - 4*c, h + 2*c - 46 = 0. Calculate the highest common divisor of h and k.
13
Let u be 6*((-12)/9)/(-2). Suppose -u*q - 7 = -s + 2*s, -5*s = -5*q - 15. Let j be (7 - -1) + (-2)/(-2). Calculate the greatest common divisor of j and s.
1
Let v(a) be the first derivative of 15*a**2/2 - 2. Let i be v(1). What is the greatest common factor of i and 5?
5
Suppose 4*n + 0*n - 62 = -z, -2*n + 2*z = -26. Let j = 7 - -3. Let c be (-301)/(-5) - 2/j. What is the greatest common factor of c and n?
15
Suppose -3*d - c = 2*d - 70, -2*d - 5*c = -51. Let o = d + -2. Let i(k) = -9*k. Let u be i(-11). What is the greatest common divisor of u and o?
11
Let z be (-42)/(-28)*(-8)/(-3). Calculate the highest common divisor of z and 44.
4
Let g(f) = f + 9. Let u be g(-7). What is the highest common divisor of 4 and u?
2
Let u be 2 + 36/(-15) + 64/10. Calculate the highest common divisor of u and 6.
6
Let c be 254/6 + 4/6. Let l = c + -31. Suppose -24 = -2*j - 0. What is the greatest common factor of l and j?
12
Let j(l) = -l**3 - 9*l**2 - 8*l + 5. Let n be j(-8). What is the highest common divisor of 45 and n?
5
Suppose 0*o + 30 = 5*o. Let g be 3 - 0 - 6 - -57. Calculate the highest common divisor of o and g.
6
Let k be 110/(-4)*16/20. Let m be k*4/((-24)/63). Suppose m = -c + 4*c. Calculate the greatest common factor of c and 7.
7
Let m(u) = -5*u**3 + 4*u**2 + 7. Let g be m(5). Let c be (-2)/(g/(-516) - 1). Let j be c/(-8) - (-6)/(-4). Calculate the highest common factor of j and 9.
9
Let m be 2 - (159/3 - -3). Let y = -28 - m. Let r = -67 - -106. Calculate the highest common divisor of r and y.
13
Suppose 20 + 28 = 2*g. Let m = 76 + -40. Calculate the greatest common factor of m and g.
12
Let n(s) = -2. Let h(c) = -c - 3. Let f(m) = -3*h(m) + 5*n(m). Let j be f(1). Let x = -9 + 14. What is the highest common factor of j and x?
1
Suppose -5*s = -0*s - 715. What is the highest common factor of s and 13?
13
Let x(g) = -11*g**3 - 6*g**2 - 8*g. Let n be x(-2). What is the greatest common divisor of n and 10?
10
Let n(d) = 9*d**3 + 2*d + 1. Let s be n(2). Let v(r) = r**2 - 14*r + 7. Let x be v(14). Calculate the greatest common divisor of x and s.
7
Let x = -1 + 4. Suppose 0 = x*f + f - 20. Suppose 5*m - f*k - 216 = 399, -5*m + 650 = 2*k. Calculate the highest common divisor of m and 16.
16
Let p be 34 + -1 + -5 + 2. Suppose n = 3*n - p. What is the highest common divisor of n and 75?
15
Let y = 160 + -80. Suppose 5*p - 75 = -5*s, 4*p + 5*s + 18 - y = 0. Suppose 2*w - 130 = 156. What is the greatest common divisor of p and w?
13
Let o(m) = m**2 - 6*m - 12. Let j be o(8). Suppose 3*i = -1 + 4. What is the greatest com